, -5*o - 15 = 0. Let a = z + -13. Suppose a = y + 20. Calculate the remainder when 11 is divided by y.
5
Suppose -37*d + 39*d - 4 = 0. Suppose 4*c - 215 = 5*v, 0*v - 114 = -d*c - 4*v. Calculate the remainder when c is divided by 14.
13
Calculate the remainder when 169 is divided by (-1)/3*(-3 - 39) - -5.
17
Suppose -3*j + 61 = -71. Let b(s) = -65*s - 3105. What is the remainder when j is divided by b(-48)?
14
Let l(t) = -t**3 + 11*t**2 - t - 8. What is the remainder when l(10) is divided by 28?
26
Let o(q) = q**3 - 110*q - 9. What is the remainder when o(-10) is divided by 10?
1
Let j(s) = s**3 + 5*s**2 - 7*s - 1. Let u(v) = 2*v**3 + 10*v**2 - 14*v - 2. Let r(l) = -7*j(l) + 4*u(l). Calculate the remainder when 133 is divided by r(-5).
31
Suppose 7*v = -7*v + 784. Let y = v - 48. What is the remainder when 36 is divided by y?
4
Let w(y) = -y**2 - 2*y + 5. Let m(d) = d**3 + 4*d**2 + 6*d - 14. Let z(r) = -3*m(r) - 8*w(r). Calculate the remainder when z(-2) is divided by 8.
6
Let x(q) = -q**3 + 9*q**2 - 6*q - 10. Let j be x(8). Let n = j + -6. Suppose 0*k - 4*k + 40 = n. Calculate the remainder when 17 is divided by k.
7
Let h(w) = -2*w**2 + 14*w + 61. What is the remainder when 698 is divided by h(9)?
23
Let q be (8/6)/((-64)/(-48)). What is the remainder when 470/5 + (-3)/q is divided by 31?
29
Suppose 3405*o - 3398*o - 77 = 0. Calculate the remainder when 219 is divided by o.
10
Let y(b) = 5*b + 23. What is the remainder when y(2) is divided by 20?
13
Suppose 3*n = -918 + 945. Calculate the remainder when n is divided by (-2)/8 - (-9)/4.
1
Suppose 5*c - 9*c = f - 135, -40 = -c + f. What is the remainder when c is divided by 21?
14
Calculate the remainder when 15/((-60)/(-472)) - (3 - -1) is divided by 69.
45
Let q(d) = -d**2 - d + 2. Let s be q(0). Let w be ((-12)/(-1))/(1/s). What is the remainder when -3*-122*4/w is divided by 21?
19
Let o = 50 + -45. Suppose -5*b = -o*g + g + 63, -4*b = -4. Calculate the remainder when g is divided by 9.
8
Suppose -3*f = -2*z + 3226, -616 = 2*f - 5*z + 1520. Suppose 0 = -4*t + 2*g - 4*g + 142, 0 = 5*g - 25. Calculate the remainder when t is divided by 4/26 - f/91.
9
Suppose -9*t + 6*t + 6 = 0. Let r be -2 - (2 - -2 - t). Calculate the remainder when 7 is divided by r/14 + 128/56.
1
Let g(c) = -4 + 15*c - 1 - 22*c + 3. Let i be g(-1). Suppose -i*z + 3*x + 5 = -4*z, 14 = 2*z - 5*x. What is the remainder when z is divided by 9?
8
Let t = -1090 + 1265. What is the remainder when t is divided by 4?
3
Let x(y) = -11*y + 8. Suppose -19 = 5*k + 3*s - 57, 3*k + s = 22. Calculate the remainder when x(0) is divided by k.
1
Suppose 14*l + 40*l = 1566. Calculate the remainder when 75 is divided by l.
17
What is the remainder when 48/2 - (-3 + 2) is divided by (6/(-10))/(39/(-910))?
11
Suppose 14*m = -18*m + 480. Calculate the remainder when 1/(-4) + 818/8 is divided by m.
12
Let a = -17 - -22. Suppose 2*s - 2*k - 2 = -k, a*k - 8 = s. Calculate the remainder when 3 - 2 - (-2 + -2) is divided by s.
1
What is the remainder when 188/(-329) + (-1996)/(-14) is divided by 8?
6
What is the remainder when (-3787)/(-77) - 6/99*3 is divided by 29?
20
Let z(k) = -7*k**2 - 3*k - 2. Let a be z(-2). Let w = -27 - a. Let p = w - -18. Calculate the remainder when 43 is divided by p.
13
Let z(g) = -g**3 + 7*g**2 + 2*g - 1. Suppose -39 = -2*h - 3*a, 11 - 67 = -3*h - 4*a. Calculate the remainder when z(6) is divided by h.
11
Calculate the remainder when 212 - (0/(-5))/(9 - 8) is divided by 48.
20
Calculate the remainder when 189 is divided by (-62)/(-93) + (-46)/(-3).
13
Let z(t) = -t**3 + 5*t**2 - 4*t + 86. Calculate the remainder when z(6) is divided by 9.
8
Let v be (4 - (-4 + 7))/(5/(-485)). Let c = -125 + 301. Let i = v + c. What is the remainder when i is divided by 16?
15
Let j be 6*(-46)/9 - (-6)/9. Let q = -26 - j. Calculate the remainder when 5 is divided by q.
1
What is the remainder when (9451/26 - 2/4) + -2 is divided by 14?
11
What is the remainder when (20124/(-108))/((-1)/3) is divided by 80?
79
Let v = 50 + -36. Calculate the remainder when 93 is divided by v.
9
Let l be (-78)/(-21) + (-2)/(-7). Suppose 3*c + 17 + l = 0. Let m = c - -9. What is the remainder when 3 is divided by m?
1
Suppose -q + 2*d + 43 = 0, -5*q + 7*d - 12*d = -275. Calculate the remainder when q is divided by 9.
6
Let o = -8 - -35. Suppose 4*b = -4*d, 4*b + d = -0*b. What is the remainder when (420/(-16) + b)*-4 is divided by o?
24
Let l = 207 - 157. Suppose 3*i = 6*i + 4*y - 97, -139 = -5*i - y. Calculate the remainder when l is divided by i.
23
What is the remainder when 76 is divided by (-1 - 45/(-2))/((-277)/(-554))?
33
Let h = 41 - 14. Suppose 0 = -2*k + 3*k - 3. Let q = 18 - k. Calculate the remainder when h is divided by q.
12
Suppose -2*c - 31*c = -1650. Calculate the remainder when 199 is divided by c.
49
Let p be (-4 - -2)*(-2 - -1). Let w be (p/(-4))/(11/44). Calculate the remainder when w*(-194)/4 - 4 is divided by 24.
21
Let r be 22 + 2/(-4)*-4. Let h = r + 31. Suppose -b + p + 71 = 4*b, -5*b = -2*p - 72. Calculate the remainder when h is divided by b.
13
Let g = -715 - -972. Calculate the remainder when g is divided by 82.
11
Let r(b) = 3*b**2 + 6*b + 1. Let x = 3326 + -3307. Calculate the remainder when r(-6) is divided by x.
16
Let h be 2/(-1 + 21/15). Suppose -25 = -h*j - 5*b, -3*j - j + 4*b = -52. Calculate the remainder when 24 is divided by j.
6
Let q(j) = -2*j + 102. What is the remainder when q(-6) is divided by 24?
18
Suppose 4*t + k = 493, 0 = -t + 3*k + 60 + 60. Suppose -2*w = -2*v - 58, 0 = 5*w + 68*v - 71*v - 149. Calculate the remainder when t is divided by w.
30
Let f be 2 + -2 - 33/3. Calculate the remainder when (1 + f)*(-56)/5 is divided by 29.
25
Suppose 2*s = -s + 18. Let n = 957 + -946. Calculate the remainder when n is divided by s.
5
Suppose 6*o - 29647 = -17*o. What is the remainder when o is divided by 30?
29
Let p = 39 - 23. Calculate the remainder when 38 is divided by p.
6
Let h = -62 + 163. Suppose -q + 110 = 5*z - 0*z, -q - 79 = -4*z. What is the remainder when h is divided by z?
17
Suppose -30 = 47*u - 42*u. Let h(q) = -q**3 - 4*q**2 - 8*q - 3. What is the remainder when h(u) is divided by 8?
5
Suppose 2*s - 16 + 6 = 0. Suppose -3*x = s*p - 282, p - 208 = -3*p + 2*x. What is the remainder when p is divided by 11?
10
Let o = -18 + 62. Suppose 5 = 45*y - o*y. What is the remainder when 29 is divided by y?
4
Let u(d) be the third derivative of d**6/120 - 2*d**5/15 - d**4/12 + 25*d**3/6 + 19*d**2. Calculate the remainder when 21 is divided by u(8).
3
Let v(i) = 7*i - 16. Suppose -5*f = 2*g - 7*g - 15, -25 = -5*g. Let t = 44 + -23. Calculate the remainder when v(f) is divided by t.
19
Let q(t) = 8*t - 5. Let k(l) = l**3 - 5*l**2 + 5*l - 2. Let a be k(5). Let z = a - 8. What is the remainder when q(4) is divided by z?
12
Let n(y) = 7*y. Suppose 2*q = -3*g - 0*g + 247, -3*q + 374 = g. Calculate the remainder when q is divided by n(3).
20
Suppose 31*l - 34*l + 56 = -5*c, 0 = -l - 4*c - 4. Calculate the remainder when 81 is divided by l.
9
Let n be (2 - (-136)/32) + 1/(-4). Let h = 12 + 1. Let w = h - n. What is the remainder when 13 is divided by w?
6
What is the remainder when (-5840)/24*6/(-4) is divided by 46?
43
Let a(g) = -g**2 - 15*g - 48. Calculate the remainder when 201 is divided by a(-9).
3
Suppose 11 = 3*b - 22. Calculate the remainder when 70 is divided by b.
4
Suppose 6*o + 14 = 2*o + h, -9 = 5*o + 3*h. Let b be 69*(3 - (-6)/o). Let d = -48 + b. What is the remainder when 41 is divided by d?
20
Suppose 2185 = 3*s + 6*u - 8*u, -3*u - 1460 = -2*s. Calculate the remainder when s is divided by 104.
103
Let g = 58 - 34. Suppose -3*d + 4*d - 40 = -4*z, -4*d + 181 = -5*z. Calculate the remainder when d is divided by g.
20
Suppose -170 = 30*h - 35*h. Let z be (-3143)/9 + (-4)/(-18). Let b = -214 - z. What is the remainder when b is divided by h?
33
Suppose 2*o - 14 = -4. Calculate the remainder when -3 + (9 - -4) + 2 is divided by o.
2
Let u = -228 + 245. Calculate the remainder when 59 is divided by u.
8
Let r = -229 + 278. Calculate the remainder when r is divided by 20.
9
Let s be ((-32)/(-18) - 2) + (-353)/(-9). Let o = s + -19. Suppose 3*x - 44 = -x. What is the remainder when o is divided by x?
9
Supp